r. Calculate the highest common factor of h and 63.
21
Let a = -5 + 8. Let t(x) = -x**3 + 8*x**2 - 7*x + 5. Let f be t(7). Suppose -f*v - 1 = 2*n - 16, a*n - 42 = -v. Calculate the greatest common factor of n and 3.
3
Let t(a) = -19*a + 4. Let w be t(8). Let l = -85 - w. Calculate the highest common factor of l and 9.
9
Let c = -113 - -158. What is the greatest common factor of 30 and c?
15
Suppose 4 = -3*i - 2, 5*d - 2*i = 54. Calculate the greatest common divisor of d and 10.
10
Let p be (-2)/10 + 96/5. Suppose -3*a + 38 = -19. What is the greatest common factor of a and p?
19
Let g = 146 + -136. What is the greatest common divisor of 70 and g?
10
Let w be (-3 + 1)*(-63)/9. What is the highest common divisor of 21 and w?
7
Suppose r = -3*r + 116. Suppose -5 = 2*g - r. Let d = -32 + 36. What is the greatest common factor of g and d?
4
Suppose -4*p = -35 - 245. Suppose v + 154 = 3*b + 65, -v = 5*b - 135. What is the greatest common factor of p and b?
14
Let x = -220 - -458. What is the highest common divisor of 14 and x?
14
Let g(p) = 4*p**2 - 5*p + 7. Let i be g(3). What is the greatest common divisor of 70 and i?
14
Let n(y) = 3*y + 27. Let b be n(-7). What is the greatest common factor of b and 48?
6
Suppose 18 = 5*i - 12. Let r = 2 + 1. What is the greatest common factor of r and i?
3
Suppose 16*t - 13*t = 42. What is the highest common divisor of t and 56?
14
Let t(q) be the second derivative of 5*q**4/6 + q**3/6 + 2*q. Let x be t(-1). Suppose -4*i + x*i - 175 = 0. What is the greatest common factor of i and 14?
7
Let r be ((-16)/(-20))/(2/10). Suppose r*u + 32 = k, u + k = -u - 10. Let a be 8*(0 - u - -2). Calculate the highest common factor of a and 8.
8
Let a be (6/7)/((-2)/(-14)). Let n = a - 9. Let b be n + 3 - (1 - 2). Calculate the greatest common factor of b and 5.
1
Let h(w) = 6*w**2 - 2*w + 1. Let s be h(-4). Let z = -149 + s. Let i = 76 + z. What is the highest common factor of 4 and i?
4
Let k(m) be the second derivative of -m**3/6 - m**2/2 + m. Let o be k(-6). Suppose w + 12 = 22. Calculate the greatest common factor of w and o.
5
Let g(a) = -5*a - 1. Let c be g(-4). Let u be (-1)/(-2)*-4 - (-173)/1. What is the highest common factor of u and c?
19
Let z = 75 + -33. Suppose -2*w - 5*y = -71, -2*y = -0*y - 6. What is the greatest common divisor of w and z?
14
Let k be (-1)/((-1)/(-2)) - -18. Let w be -53*3*(-1 + 0). Let u = w + -95. What is the highest common factor of k and u?
16
Let q be 3*-15*(2 + -3). Calculate the highest common divisor of 9 and q.
9
Suppose -9*f - 104 = -13*f. Calculate the greatest common divisor of f and 65.
13
Let j(a) = a**2 + 4*a - 14. Let h be j(-7). What is the greatest common factor of 56 and h?
7
Let n be -10*(-2*5)/1. Let w be (-223)/(-9) - 2*(-4)/36. Calculate the highest common factor of w and n.
25
Let q(l) be the third derivative of -l**6/15 - l**5/30 - l**3/6 + 4*l**2. Let c be q(-2). What is the highest common factor of c and 22?
11
Let n = 4 - 3. Let d(a) = 2*a + 2 - 5 - 6*a. Let o be d(-3). Calculate the highest common factor of o and n.
1
Let l be 5/(-2)*24/(-20). Suppose -4*j + 8 = -4*t + 3*t, -j + 15 = l*t. Let k(f) = -5*f - 6. Let z be k(-6). What is the highest common divisor of j and z?
3
Let t be (-1 - 2)*(-3 + 4). Let i be 3*t/9*-4. Calculate the highest common factor of 4 and i.
4
Suppose 3*v = -12 + 66. Calculate the highest common divisor of 198 and v.
18
Let a(r) = 29*r**2 + 2*r - 1. Let g be a(1). Let f = g - 6. Let d = 16 + -8. Calculate the greatest common factor of f and d.
8
Let n be ((-39)/2)/(12/(-40)). Calculate the highest common factor of n and 13.
13
Suppose -2*b - 1 = -7. Let i = 17 - 8. What is the greatest common factor of b and i?
3
Let f be 5 + (0 - 2/2). Let v(s) = -s**3 - s**2 + s + 10. Let l be v(0). What is the highest common divisor of l and f?
2
Let y be -7 + ((-4)/2 - -3). Let z = y + 14. Suppose 3*a = -a + z. Calculate the greatest common divisor of 14 and a.
2
Let g = 23 + 75. Let v(a) = -6*a + 2. Let w be v(-2). Calculate the highest common factor of g and w.
14
Let h be (-504)/45*(-5 - 0). Calculate the greatest common factor of h and 42.
14
Let b be (-6)/30 - 76/(-5). Let y(l) = 4*l**3 + 2*l - 1. Let x be y(1). What is the highest common factor of x and b?
5
Let r be (-4)/(-6) + (-16)/(-3). Let n be ((-9)/r)/(1/(-2)). Calculate the greatest common factor of 1 and n.
1
Let o be (4 - 2)/((-8)/(-36)). Let y = o - 6. What is the greatest common factor of 27 and y?
3
Let d(y) = 10*y - 12. Let s be d(8). Suppose 0*o - s = -2*o. Suppose 178 = 3*t + o. Calculate the greatest common divisor of 24 and t.
24
Let b be ((-22)/4)/(19/(-912)). Let c be 178 + (-1 - 0) + 2. Let u = b - c. Calculate the greatest common divisor of 17 and u.
17
Let t(v) = 2*v**2 - 7*v - 7. Let x be t(8). Calculate the highest common factor of x and 13.
13
Let z(c) = c - 3. Let v be z(7). Suppose -2*f - 60 = -v*f. Suppose 2*m + 8 = 38. What is the greatest common factor of f and m?
15
Suppose -4*p - y + 48 = 0, -y = -2*p - p + 36. Let v(h) = -h**3 - 3*h**2 + 2*h + 4. Let c be v(-4). Calculate the greatest common factor of c and p.
12
Suppose 0 - 4 = -2*b. Let h be -3*10/(-6) - b. Calculate the greatest common divisor of h and 18.
3
Suppose -21*h = 8*h - 3654. Suppose -2*b + r = 2*r + 4, 4*r - 2 = b. Let d be (-35)/b*(-8)/(-10). Calculate the highest common factor of d and h.
14
Let v(k) = k**3 - 4*k**2 - 3*k + 3. Let y be v(4). Let h be (y/(-1))/3 + 7. Suppose -3*w = -w - h. Calculate the greatest common factor of w and 45.
5
Let b(s) = 23*s**2 - 3*s - 5. Let g be b(-1). Suppose o = -3*o + 252. What is the highest common divisor of g and o?
21
Let b be (8/(-6))/((-3)/36). Calculate the highest common factor of 80 and b.
16
Suppose -h + 0 = -10. Let j = -12 + 17. Suppose -v - 5*y = -0*v - 90, -v + j*y = -130. What is the highest common divisor of v and h?
10
Let y be 50/10*1/1. What is the greatest common divisor of 40 and y?
5
Suppose -6*h + h + 675 = 0. Calculate the highest common factor of h and 15.
15
Suppose 0 = -d - 17 + 5. Let v be (57/d)/(1/(-4)). Let u = -182 + 334. What is the greatest common factor of u and v?
19
Suppose -6*i = z - 3*i - 23, z - 3*i = 5. What is the greatest common divisor of z and 14?
14
Let k(d) = -5*d - 50. Let o be k(-20). What is the greatest common factor of 40 and o?
10
Suppose -4*b + 4*d + 340 = 0, 5*b - 4*d = -9*d + 375. Let t(a) = -10*a - 2 - 3*a + 2*a. Let l be t(-2). What is the greatest common factor of l and b?
20
Suppose -3*c - 2*a + 34 = 0, 0 = -3*c + 3*a + 7 + 2. Suppose q = -4*l + 1, 0 = -4*q - 2*l + 4. What is the greatest common factor of c and q?
1
Suppose 107 = 14*z + 23. What is the highest common factor of 30 and z?
6
Let n = 41 + -36. What is the greatest common divisor of n and 5?
5
Let r be (11*-1)/((-6)/12). What is the greatest common factor of 66 and r?
22
Let q be (-1)/(-2) - 518/(-4). Suppose 0 = -11*u + 14*u - 39. What is the greatest common divisor of q and u?
13
Suppose a + 25 = -14. Let d = -27 - a. Calculate the highest common divisor of d and 6.
6
Suppose 7 - 37 = -5*s. Let j be (32/s)/((-2)/(-9)). Let t(r) = r**3 - 5*r**2 - 4*r. Let g be t(6). What is the highest common factor of g and j?
12
Let w(t) = -2*t - 1. Let q be w(-6). Suppose 0 = -6*r + 3*r - 12, -4*a = -5*r + 56. Let c = q - a. What is the highest common divisor of 20 and c?
10
Suppose 0*q - 3*q + 2 = 5*v, 10 = -2*v. What is the greatest common divisor of 45 and q?
9
Suppose 5*d - 9 = 106. Suppose 2*k - k - 115 = 0. What is the greatest common factor of d and k?
23
Suppose -3*i + 121 = 5*c, -4*i + c + 168 = 6*c. Suppose -6*o = 4*d - 3*o - 24, -3*d + 5*o = -i. What is the greatest common factor of 9 and d?
9
Let x = -20 - -30. Calculate the greatest common divisor of x and 10.
10
Suppose 4*l + 248 = -2*y, 304 = -4*l - l - y. Let q(u) = -6*u**2. Let a be q(-2). Let c = a - l. What is the greatest common factor of c and 9?
9
Let y(v) = 5*v**2 - 7*v - 4. Let k be y(9). Suppose -2*z + 4*z + k = 5*l, l = -z + 69. What is the greatest common factor of l and 17?
17
Let p(g) = -2*g**3 - 2*g**2 + 3*g + 3. Let c be p(-3). Calculate the highest common divisor of c and 75.
15
Let z(b) = b**2 - 9*b + 12. Let m be z(8). Suppose a + 3*l = -0*l - m, 2*l = -4*a + 24. Cal